{"id":29914,"date":"2025-08-12T13:45:50","date_gmt":"2025-08-12T11:45:50","guid":{"rendered":"https:\/\/barockundklassik.com\/produkt\/stall-und-putzbeutel-blau\/"},"modified":"2025-08-12T18:42:51","modified_gmt":"2025-08-12T16:42:51","slug":"bolsa-para-establo-azul","status":"publish","type":"product","link":"https:\/\/barockundklassik.com\/es\/produkt\/bolsa-para-establo-azul\/","title":{"rendered":"Bolsa para establo o limpieza azul"},"content":{"rendered":"<p><strong>Bolsa para el establo o de limpieza azul \u00abBarock &amp; Klassik\u00bb: la elegancia se une a la funcionalidad<\/strong><\/p>\n<p>Elegante, pr\u00e1ctica y resistente: nuestra bolsa de limpieza azul con el elegante logotipo \u00abBarock &amp; Klassik\u00bb es la compa\u00f1era ideal para cualquier amante de los caballos con sentido de la est\u00e9tica y el orden.<\/p>\n<p>Ya sea para cepillos, cardas o rascadores de cascos, esta bolsa ofrece espacio suficiente para todos tus utensilios de limpieza y garantiza que todo est\u00e9 a mano cuando lo necesites. Gracias a su material resistente, tambi\u00e9n soporta un uso intensivo en el establo.<\/p>\n<p>Detalles:<\/p>\n<ul>\n<li>Color: azul cl\u00e1sico.<\/li>\n<li>Estampado: logotipo \u00abBarock &amp; Klassik\u00bb de alta calidad.<\/li>\n<li>Ideal para utensilios de limpieza y accesorios.<\/li>\n<li>Material resistente y f\u00e1cil de limpiar.<\/li>\n<li>Con cord\u00f3n.<\/li>\n<\/ul>\n<p>Ya sea en el establo, en una competici\u00f3n o durante el entrenamiento, con esta bolsa de limpieza demostrar\u00e1s tu estilo hasta en el m\u00e1s m\u00ednimo detalle. Tambi\u00e9n es un regalo muy apreciado por cualquier amante de los caballos.<\/p>\n<p>&nbsp;<\/p>\n<hr data-start=\"1047\" data-end=\"1050\" \/>\n","protected":false},"excerpt":{"rendered":"<p>Bolsa para establo o limpieza azul<\/p>\n","protected":false},"featured_media":29911,"comment_status":"closed","ping_status":"closed","template":"","meta":[],"product_brand":[],"product_cat":[1718],"product_tag":[1864,1865],"class_list":{"0":"post-29914","1":"product","2":"type-product","3":"status-publish","4":"has-post-thumbnail","6":"product_cat-otros","7":"product_tag-trinkbecher-barock-klassik-es","8":"product_tag-trinkbecher-blau-es","9":"product_shipping_class-leichte-pakete-es","10":"up-gallery-woo","12":"first","13":"instock","14":"taxable","15":"shipping-taxable","16":"purchasable","17":"product-type-simple"},"_links":{"self":[{"href":"https:\/\/barockundklassik.com\/es\/wp-json\/wp\/v2\/product\/29914","targetHints":{"allow":["GET"]}}],"collection":[{"href":"https:\/\/barockundklassik.com\/es\/wp-json\/wp\/v2\/product"}],"about":[{"href":"https:\/\/barockundklassik.com\/es\/wp-json\/wp\/v2\/types\/product"}],"replies":[{"embeddable":true,"href":"https:\/\/barockundklassik.com\/es\/wp-json\/wp\/v2\/comments?post=29914"}],"wp:featuredmedia":[{"embeddable":true,"href":"https:\/\/barockundklassik.com\/es\/wp-json\/wp\/v2\/media\/29911"}],"wp:attachment":[{"href":"https:\/\/barockundklassik.com\/es\/wp-json\/wp\/v2\/media?parent=29914"}],"wp:term":[{"taxonomy":"product_brand","embeddable":true,"href":"https:\/\/barockundklassik.com\/es\/wp-json\/wp\/v2\/product_brand?post=29914"},{"taxonomy":"product_cat","embeddable":true,"href":"https:\/\/barockundklassik.com\/es\/wp-json\/wp\/v2\/product_cat?post=29914"},{"taxonomy":"product_tag","embeddable":true,"href":"https:\/\/barockundklassik.com\/es\/wp-json\/wp\/v2\/product_tag?post=29914"}],"curies":[{"name":"wp","href":"https:\/\/api.w.org\/{rel}","templated":true}]}}

<p><strong>Bolsa para el establo o de limpieza azul «Barock &amp; Klassik»: la elegancia se une a la funcionalidad</strong></p>
<p>Elegante, práctica y resistente: nuestra bolsa de limpieza azul con el elegante logotipo «Barock &amp; Klassik» es la compañera ideal para cualquier amante de los caballos con sentido de la estética y el orden.</p>
<p>Ya sea para cepillos, cardas o rascadores de cascos, esta bolsa ofrece espacio suficiente para todos tus utensilios de limpieza y garantiza que todo esté a mano cuando lo necesites. Gracias a su material resistente, también soporta un uso intensivo en el establo.</p>
<p>Detalles:</p>
<ul>
<li>Color: azul clásico.</li>
<li>Estampado: logotipo «Barock &amp; Klassik» de alta calidad.</li>
<li>Ideal para utensilios de limpieza y accesorios.</li>
<li>Material resistente y fácil de limpiar.</li>
<li>Con cordón.</li>
</ul>
<p>Ya sea en el establo, en una competición o durante el entrenamiento, con esta bolsa de limpieza demostrarás tu estilo hasta en el más mínimo detalle. También es un regalo muy apreciado por cualquier amante de los caballos.</p>
<p>&nbsp;</p>
<hr data-start="1047" data-end="1050" />
