{"id":29827,"date":"2025-08-04T21:28:51","date_gmt":"2025-08-04T19:28:51","guid":{"rendered":"https:\/\/barockundklassik.com\/event\/wm-der-jungen-dressurpferde-in-verden\/"},"modified":"2025-08-04T21:47:01","modified_gmt":"2025-08-04T19:47:01","slug":"campeonato-mundial-de-caballos-jovenes","status":"publish","type":"tribe_events","link":"https:\/\/barockundklassik.com\/es\/event\/campeonato-mundial-de-caballos-jovenes\/","title":{"rendered":"Campeonato Mundial de Caballos J\u00f3venes de Doma Cl\u00e1sica en Verden"},"content":{"rendered":"<h4>El Campeonato Mundial de Caballos J\u00f3venes de Doma Cl\u00e1sica vuelve a Verden<\/h4>\n<p>Entre 2025 y 2027, Verden volver\u00e1 a ser la sede del Campeonato Mundial de Caballos J\u00f3venes de Doma Cl\u00e1sica. Del 4 al 10 de agosto de 2025, el mundo de la doma cl\u00e1sica internacional se dar\u00e1 cita en el tradicional recinto ferial de la Lindhooper Stra\u00dfe para presentar y premiar a los mejores caballos j\u00f3venes de entre cinco y siete a\u00f1os del mundo.<\/p>\n<p>El regreso a Verden tiene un significado especial: en 1997 se celebr\u00f3 aqu\u00ed el primer campeonato de este tipo, que desde entonces se ha convertido en una plataforma de renombre internacional para caballos de doma cl\u00e1sica prometedores. Muchas carreras, tanto de caballos como de jinetes, comenzaron precisamente aqu\u00ed.<\/p>\n<p>La organizaci\u00f3n para 2025 ya est\u00e1 en marcha y la expectaci\u00f3n es grande, sobre todo por el p\u00fablico entusiasta y entendido que, a\u00f1o tras a\u00f1o, convierte este evento en una cita deportiva destacada.<\/p>\n<p data-start=\"1143\" data-end=\"1283\">\ud83d\udc49<strong>Aviso para los visitantes:<\/strong> El acceso al recinto del evento solo es posible a trav\u00e9s de la puerta D. Por favor, planifique su visita teniendo esto en cuenta.<\/p>\n<hr \/>\n<p data-start=\"1143\" data-end=\"1283\">\u00a1Barockmeetsclassic.com estar\u00e1 presente con Anja Rietbrock y publicidad en banners!<\/p>\n<p data-start=\"1143\" data-end=\"1283\"><a href=\"https:\/\/barockundklassik.com\/wp-content\/uploads\/2025\/08\/verden03.jpg\"><img loading=\"lazy\" decoding=\"async\" class=\"alignnone wp-image-29803 size-thumbnail\" src=\"https:\/\/barockundklassik.com\/wp-content\/uploads\/2025\/08\/verden03-320x250.jpg\" alt=\"\" width=\"320\" height=\"250\" title=\"\"><\/a> <img loading=\"lazy\" decoding=\"async\" class=\"alignnone wp-image-29806 size-thumbnail\" src=\"https:\/\/barockundklassik.com\/wp-content\/uploads\/2025\/08\/verden02-320x250.jpg\" alt=\"\" width=\"320\" height=\"250\" title=\"\"> <a href=\"https:\/\/barockundklassik.com\/wp-content\/uploads\/2025\/08\/verden01.jpg\"><img loading=\"lazy\" decoding=\"async\" class=\"alignnone wp-image-29809 size-thumbnail\" src=\"https:\/\/barockundklassik.com\/wp-content\/uploads\/2025\/08\/verden01-320x250.jpg\" alt=\"\" width=\"320\" height=\"250\" title=\"\"><\/a><\/p>\n<hr \/>\n<p data-start=\"1143\" data-end=\"1283\">\n","protected":false},"excerpt":{"rendered":"<p>El Campeonato Mundial de Caballos J\u00f3venes de Doma Cl\u00e1sica vuelve a Verden Entre 2025 y 2027, Verden volver\u00e1 a ser la sede del Campeonato Mundial de Caballos J\u00f3venes de Doma Cl\u00e1sica. Del 4 al 10 de agosto de 2025, el mundo de la doma cl\u00e1sica internacional se dar\u00e1 cita en el tradicional recinto ferial de la Lindhooper Stra\u00dfe para presentar y premiar a los mejores caballos j\u00f3venes de entre cinco y siete a\u00f1os del mundo. El regreso a Verden tiene un significado especial: en 1997 se celebr\u00f3 aqu\u00ed el primer campeonato de este tipo, que desde entonces se ha convertido &hellip; <a href=\"https:\/\/barockundklassik.com\/es\/event\/campeonato-mundial-de-caballos-jovenes\/\">Continued<\/a><\/p>\n","protected":false},"author":2,"featured_media":29814,"template":"","meta":{"_tribe_events_status":"","_tribe_events_status_reason":"","footnotes":""},"tags":[],"tribe_events_cat":[],"class_list":["post-29827","tribe_events","type-tribe_events","status-publish","has-post-thumbnail","hentry"],"_links":{"self":[{"href":"https:\/\/barockundklassik.com\/es\/wp-json\/wp\/v2\/tribe_events\/29827","targetHints":{"allow":["GET"]}}],"collection":[{"href":"https:\/\/barockundklassik.com\/es\/wp-json\/wp\/v2\/tribe_events"}],"about":[{"href":"https:\/\/barockundklassik.com\/es\/wp-json\/wp\/v2\/types\/tribe_events"}],"author":[{"embeddable":true,"href":"https:\/\/barockundklassik.com\/es\/wp-json\/wp\/v2\/users\/2"}],"version-history":[{"count":3,"href":"https:\/\/barockundklassik.com\/es\/wp-json\/wp\/v2\/tribe_events\/29827\/revisions"}],"predecessor-version":[{"id":29833,"href":"https:\/\/barockundklassik.com\/es\/wp-json\/wp\/v2\/tribe_events\/29827\/revisions\/29833"}],"wp:featuredmedia":[{"embeddable":true,"href":"https:\/\/barockundklassik.com\/es\/wp-json\/wp\/v2\/media\/29814"}],"wp:attachment":[{"href":"https:\/\/barockundklassik.com\/es\/wp-json\/wp\/v2\/media?parent=29827"}],"wp:term":[{"taxonomy":"post_tag","embeddable":true,"href":"https:\/\/barockundklassik.com\/es\/wp-json\/wp\/v2\/tags?post=29827"},{"taxonomy":"tribe_events_cat","embeddable":true,"href":"https:\/\/barockundklassik.com\/es\/wp-json\/wp\/v2\/tribe_events_cat?post=29827"}],"curies":[{"name":"wp","href":"https:\/\/api.w.org\/{rel}","templated":true}]}}

Campeonato Mundial de Caballos Jóvenes de Doma Clásica en Verden

<h4>El Campeonato Mundial de Caballos Jóvenes de Doma Clásica vuelve a Verden</h4>
<p>Entre 2025 y 2027, Verden volverá a ser la sede del Campeonato Mundial de Caballos Jóvenes de Doma Clásica. Del 4 al 10 de agosto de 2025, el mundo de la doma clásica internacional se dará cita en el tradicional recinto ferial de la Lindhooper Straße para presentar y premiar a los mejores caballos jóvenes de entre cinco y siete años del mundo.</p>
<p>El regreso a Verden tiene un significado especial: en 1997 se celebró aquí el primer campeonato de este tipo, que desde entonces se ha convertido en una plataforma de renombre internacional para caballos de doma clásica prometedores. Muchas carreras, tanto de caballos como de jinetes, comenzaron precisamente aquí.</p>
<p>La organización para 2025 ya está en marcha y la expectación es grande, sobre todo por el público entusiasta y entendido que, año tras año, convierte este evento en una cita deportiva destacada.</p>
<p data-start="1143" data-end="1283">👉<strong>Aviso para los visitantes:</strong> El acceso al recinto del evento solo es posible a través de la puerta D. Por favor, planifique su visita teniendo esto en cuenta.</p>
<hr />
<p data-start="1143" data-end="1283">¡Barockmeetsclassic.com estará presente con Anja Rietbrock y publicidad en banners!</p>
<p data-start="1143" data-end="1283"><a href="https://barockundklassik.com/wp-content/uploads/2025/08/verden03.jpg"><img loading="lazy" decoding="async" class="alignnone wp-image-29803 size-thumbnail" src="https://barockundklassik.com/wp-content/uploads/2025/08/verden03-320x250.jpg" alt="" width="320" height="250" title=""></a> <img loading="lazy" decoding="async" class="alignnone wp-image-29806 size-thumbnail" src="https://barockundklassik.com/wp-content/uploads/2025/08/verden02-320x250.jpg" alt="" width="320" height="250" title=""> <a href="https://barockundklassik.com/wp-content/uploads/2025/08/verden01.jpg"><img loading="lazy" decoding="async" class="alignnone wp-image-29809 size-thumbnail" src="https://barockundklassik.com/wp-content/uploads/2025/08/verden01-320x250.jpg" alt="" width="320" height="250" title=""></a></p>
<hr />
<p data-start="1143" data-end="1283">

<p>El Campeonato Mundial de Caballos Jóvenes de Doma Clásica vuelve a Verden Entre 2025 y 2027, Verden volverá a ser la sede del Campeonato Mundial de Caballos Jóvenes de Doma Clásica. Del 4 al 10 de agosto de 2025, el mundo de la doma clásica internacional se dará cita en el tradicional recinto ferial de la Lindhooper Straße para presentar y premiar a los mejores caballos jóvenes de entre cinco y siete años del mundo. El regreso a Verden tiene un significado especial: en 1997 se celebró aquí el primer campeonato de este tipo, que desde entonces se ha convertido &hellip; <a href="https://barockundklassik.com/es/event/campeonato-mundial-de-caballos-jovenes/">Continued</a></p>
