{"id":30439,"date":"2025-12-30T13:18:56","date_gmt":"2025-12-30T12:18:56","guid":{"rendered":"https:\/\/barockundklassik.com\/event\/dressurtraining-mit-anja-rietbrock-2\/"},"modified":"2025-12-30T19:48:32","modified_gmt":"2025-12-30T18:48:32","slug":"dressurtraining-mit-anja-rietbrock-2","status":"publish","type":"tribe_events","link":"https:\/\/barockundklassik.com\/es\/event\/dressurtraining-mit-anja-rietbrock-2\/","title":{"rendered":"Entrenamiento de doma con Anja Rietbrock en el centro de formaci\u00f3n de Verden"},"content":{"rendered":"<h3><strong>Del 27 al 28 de marzo de 2026 en el centro de formaci\u00f3n de Verden Entrenamiento de doma con Anja Rietbrock<\/strong><\/h3>\n<p>Por segunda vez, el centro de formaci\u00f3n de Verden ofrece un curso con la reconocida instructora Anja Rietbrock. Realiz\u00f3 su aprendizaje con Hans-Heinrich Meyer zu Strohen. Otros instructores fueron Fritz Ligges, Peter Luther y Uwe Schulten-Baumer. A continuaci\u00f3n, obtuvo \u00e9xitos en competiciones hasta la clase S en doma cl\u00e1sica y salto. En ambas disciplinas fue galardonada con la insignia de oro de equitaci\u00f3n.<\/p>\n<p>El entrenamiento de doma cl\u00e1sica incluye el trabajo con cavaletti. Se trata de un m\u00e9todo eficaz de entrenamiento equino que no solo fomenta la forma f\u00edsica, sino que tambi\u00e9n mejora la coordinaci\u00f3n y el sentido del equilibrio, as\u00ed como la concentraci\u00f3n mental y la motivaci\u00f3n.<\/p>\n<p>El curso est\u00e1 abierto a todos. Las clases (45 minutos) se imparten de forma individual.<\/p>\n<p><strong>Fecha:<\/strong> 27\/28 de marzo de 2026.<br \/>\n<strong>Lugar:<\/strong> Centro de formaci\u00f3n de Verden.<br \/>\n<strong>Precio:<\/strong> 135 euros, incluido el uso de las instalaciones.<br \/>\n<strong>Otros:<\/strong> los miembros y socios de la Asociaci\u00f3n Hannoveriana obtienen un descuento del 10 %.<\/p>\n<p>Se pueden reservar boxes en las instalaciones de la calle Lindhooper Stra\u00dfe. Se pueden elegir los horarios de equitaci\u00f3n. El programa del curso de formaci\u00f3n (2 unidades lectivas) se dar\u00e1 a conocer con la debida antelaci\u00f3n.<\/p>\n<p>Informaci\u00f3n e inscripci\u00f3n: Asociaci\u00f3n Hannoveriana, Britta Z\u00fcngel, tel.: 0 42 31\/67 37 33, correo electr\u00f3nico: bzuengel(at)hannoveraner.com<\/p>\n","protected":false},"excerpt":{"rendered":"<p>Del 27 al 28 de marzo de 2026 en el centro de formaci\u00f3n de Verden Entrenamiento de doma con Anja Rietbrock Por segunda vez, el centro de formaci\u00f3n de Verden ofrece un curso con la reconocida instructora Anja Rietbrock. Realiz\u00f3 su aprendizaje con Hans-Heinrich Meyer zu Strohen. Otros instructores fueron Fritz Ligges, Peter Luther y Uwe Schulten-Baumer. A continuaci\u00f3n, obtuvo \u00e9xitos en competiciones hasta la clase S en doma cl\u00e1sica y salto. En ambas disciplinas fue galardonada con la insignia de oro de equitaci\u00f3n. El entrenamiento de doma cl\u00e1sica incluye el trabajo con cavaletti. Se trata de un m\u00e9todo eficaz &hellip; <a href=\"https:\/\/barockundklassik.com\/es\/event\/dressurtraining-mit-anja-rietbrock-2\/\">Continued<\/a><\/p>\n","protected":false},"author":2,"featured_media":30436,"template":"","meta":{"_tribe_events_status":"","_tribe_events_status_reason":"","footnotes":""},"tags":[2057],"tribe_events_cat":[],"class_list":["post-30439","tribe_events","type-tribe_events","status-publish","has-post-thumbnail","hentry","tag-dressurtraining-mit-anja-reitbrock"],"_links":{"self":[{"href":"https:\/\/barockundklassik.com\/es\/wp-json\/wp\/v2\/tribe_events\/30439","targetHints":{"allow":["GET"]}}],"collection":[{"href":"https:\/\/barockundklassik.com\/es\/wp-json\/wp\/v2\/tribe_events"}],"about":[{"href":"https:\/\/barockundklassik.com\/es\/wp-json\/wp\/v2\/types\/tribe_events"}],"author":[{"embeddable":true,"href":"https:\/\/barockundklassik.com\/es\/wp-json\/wp\/v2\/users\/2"}],"version-history":[{"count":3,"href":"https:\/\/barockundklassik.com\/es\/wp-json\/wp\/v2\/tribe_events\/30439\/revisions"}],"predecessor-version":[{"id":30446,"href":"https:\/\/barockundklassik.com\/es\/wp-json\/wp\/v2\/tribe_events\/30439\/revisions\/30446"}],"wp:featuredmedia":[{"embeddable":true,"href":"https:\/\/barockundklassik.com\/es\/wp-json\/wp\/v2\/media\/30436"}],"wp:attachment":[{"href":"https:\/\/barockundklassik.com\/es\/wp-json\/wp\/v2\/media?parent=30439"}],"wp:term":[{"taxonomy":"post_tag","embeddable":true,"href":"https:\/\/barockundklassik.com\/es\/wp-json\/wp\/v2\/tags?post=30439"},{"taxonomy":"tribe_events_cat","embeddable":true,"href":"https:\/\/barockundklassik.com\/es\/wp-json\/wp\/v2\/tribe_events_cat?post=30439"}],"curies":[{"name":"wp","href":"https:\/\/api.w.org\/{rel}","templated":true}]}}

Entrenamiento de doma con Anja Rietbrock en el centro de formación de Verden

<h3><strong>Del 27 al 28 de marzo de 2026 en el centro de formación de Verden Entrenamiento de doma con Anja Rietbrock</strong></h3>
<p>Por segunda vez, el centro de formación de Verden ofrece un curso con la reconocida instructora Anja Rietbrock. Realizó su aprendizaje con Hans-Heinrich Meyer zu Strohen. Otros instructores fueron Fritz Ligges, Peter Luther y Uwe Schulten-Baumer. A continuación, obtuvo éxitos en competiciones hasta la clase S en doma clásica y salto. En ambas disciplinas fue galardonada con la insignia de oro de equitación.</p>
<p>El entrenamiento de doma clásica incluye el trabajo con cavaletti. Se trata de un método eficaz de entrenamiento equino que no solo fomenta la forma física, sino que también mejora la coordinación y el sentido del equilibrio, así como la concentración mental y la motivación.</p>
<p>El curso está abierto a todos. Las clases (45 minutos) se imparten de forma individual.</p>
<p><strong>Fecha:</strong> 27/28 de marzo de 2026.<br />
<strong>Lugar:</strong> Centro de formación de Verden.<br />
<strong>Precio:</strong> 135 euros, incluido el uso de las instalaciones.<br />
<strong>Otros:</strong> los miembros y socios de la Asociación Hannoveriana obtienen un descuento del 10 %.</p>
<p>Se pueden reservar boxes en las instalaciones de la calle Lindhooper Straße. Se pueden elegir los horarios de equitación. El programa del curso de formación (2 unidades lectivas) se dará a conocer con la debida antelación.</p>
<p>Información e inscripción: Asociación Hannoveriana, Britta Züngel, tel.: 0 42 31/67 37 33, correo electrónico: bzuengel(at)hannoveraner.com</p>

<p>Del 27 al 28 de marzo de 2026 en el centro de formación de Verden Entrenamiento de doma con Anja Rietbrock Por segunda vez, el centro de formación de Verden ofrece un curso con la reconocida instructora Anja Rietbrock. Realizó su aprendizaje con Hans-Heinrich Meyer zu Strohen. Otros instructores fueron Fritz Ligges, Peter Luther y Uwe Schulten-Baumer. A continuación, obtuvo éxitos en competiciones hasta la clase S en doma clásica y salto. En ambas disciplinas fue galardonada con la insignia de oro de equitación. El entrenamiento de doma clásica incluye el trabajo con cavaletti. Se trata de un método eficaz &hellip; <a href="https://barockundklassik.com/es/event/dressurtraining-mit-anja-rietbrock-2/">Continued</a></p>
